{"id":1956,"date":"2024-08-22T16:02:08","date_gmt":"2024-08-22T21:02:08","guid":{"rendered":"https:\/\/salud.quito.gob.ec\/?page_id=1956"},"modified":"2025-05-30T16:37:16","modified_gmt":"2025-05-30T21:37:16","slug":"sala-situacional-de-salud","status":"publish","type":"page","link":"https:\/\/salud.quito.gob.ec\/?page_id=1956","title":{"rendered":"SALA SITUACIONAL DE SALUD"},"content":{"rendered":"\t\t<div data-elementor-type=\"wp-page\" data-elementor-id=\"1956\" class=\"elementor elementor-1956\" data-elementor-post-type=\"page\">\n\t\t\t\t<div class=\"elementor-element elementor-element-fd23c7e e-flex e-con-boxed e-con e-parent\" data-id=\"fd23c7e\" data-element_type=\"container\" data-e-type=\"container\">\n\t\t\t\t\t<div class=\"e-con-inner\">\n\t\t\t\t<div class=\"elementor-element elementor-element-7fe439f elementor-widget elementor-widget-html\" data-id=\"7fe439f\" data-element_type=\"widget\" data-e-type=\"widget\" data-widget_type=\"html.default\">\n\t\t\t\t<div class=\"elementor-widget-container\">\n\t\t\t\t\t<!DOCTYPE html>\r\n<html lang=\"es\">\r\n<head>\r\n  <meta charset=\"UTF-8\">\r\n  <meta name=\"viewport\" content=\"width=device-width, initial-scale=1.0\">\r\n  <title>Sala Situacional de Salud<\/title>\r\n  <style>\r\n    body {\r\n      font-family: Arial, sans-serif;\r\n      text-align: center;\r\n      background-color: #f4f4f4;\r\n      margin: 0;\r\n      padding: 0;\r\n      \r\n    }\r\n\r\n    h2 {\r\n      margin: 40px 0 20px;\r\n      color: #1a1a1a;\r\n      font-size: 2rem;\r\n      \r\n    }\r\n\r\n    .contenedor-botones {\r\n      display: flex;\r\n      flex-wrap: wrap;\r\n      justify-content: center;\r\n      gap: 20px;\r\n      padding: 30px 10px 60px;\r\n    }\r\n\r\n    .boton {\r\n      display: inline-block;\r\n      border-radius: 12px;\r\n      overflow: hidden;\r\n      box-shadow: 0 4px 10px rgba(0, 0, 0, 0.15);\r\n      transition: transform 0.3s, box-shadow 0.3s;\r\n      max-width: 100%;\r\n      width: 250px;\r\n    }\r\n\r\n    .boton:hover {\r\n      transform: scale(1.05);\r\n      box-shadow: 0 6px 16px rgba(0, 0, 0, 0.25);\r\n    }\r\n\r\n    .boton img {\r\n      width: 100%;\r\n      height: auto;\r\n      border-radius: 12px;\r\n      display: block;\r\n    }\r\n\r\n    @media (max-width: 500px) {\r\n      h1 {\r\n        font-size: 1.5rem;\r\n      }\r\n      .boton {\r\n        width: 90%;\r\n      }\r\n    }\r\n  <\/style>\r\n<\/head>\r\n<body>\r\n    \r\n <h3 style=\"text-align: center;\">SALA SITUACIONAL DE SALUD<\/h3>\r\n\r\n\r\n    <div class=\"contenedor-botones\">\r\n    <a class=\"boton\" href=\"https:\/\/salud.quito.gob.ec\/?page_id=1965\" target=\"_blank\">\r\n      <img decoding=\"async\" src=\"https:\/\/salud.quito.gob.ec\/wp-content\/uploads\/2024\/08\/1-Recurso-2@4x-8.png\" alt=\"\u00c1mbito geogr\u00e1fico\">\r\n    <\/a>\r\n    <a class=\"boton\" href=\"https:\/\/salud.quito.gob.ec\/?page_id=2010\">\r\n      <img decoding=\"async\" src=\"https:\/\/salud.quito.gob.ec\/wp-content\/uploads\/2024\/08\/Recurso-12@4x-8.png\" alt=\"Demograf\u00eda\">\r\n    <\/a>\r\n    <a class=\"boton\" href=\"https:\/\/salud.quito.gob.ec\/?page_id=2011\">\r\n      <img decoding=\"async\" src=\"https:\/\/salud.quito.gob.ec\/wp-content\/uploads\/2024\/08\/Recurso-17@4x-8.png\" alt=\"Determinantes sociales\">\r\n    <\/a>\r\n    <a class=\"boton\" href=\"https:\/\/salud.quito.gob.ec\/?page_id=2012\">\r\n      <img decoding=\"async\" src=\"https:\/\/salud.quito.gob.ec\/wp-content\/uploads\/2024\/10\/Morbi-mortalidad.png\" alt=\"Morbi mortalidad\">\r\n    <\/a>\r\n    <a class=\"boton\" href=\"https:\/\/salud.quito.gob.ec\/?page_id=2013\">\r\n      <img decoding=\"async\" src=\"https:\/\/salud.quito.gob.ec\/wp-content\/uploads\/2024\/08\/Recurso-30@4x-8.png\" alt=\"Factores de riesgo\">\r\n    <\/a>\r\n    <a class=\"boton\" href=\"https:\/\/salud.quito.gob.ec\/?page_id=2014\">\r\n      <img decoding=\"async\" src=\"https:\/\/salud.quito.gob.ec\/wp-content\/uploads\/2024\/08\/Recurso-51@4x-8.png\" alt=\"Ofertas de salud\">\r\n    <\/a>\r\n    <a class=\"boton\" href=\"https:\/\/salud.quito.gob.ec\/?page_id=2015\">\r\n      <img decoding=\"async\" src=\"https:\/\/salud.quito.gob.ec\/wp-content\/uploads\/2024\/08\/Recurso-47@4x-8.png\" alt=\"Vigilancia y gesti\u00f3n de riesgos\">\r\n    <\/a>\r\n    <a class=\"boton\" href=\"https:\/\/salud.quito.gob.ec\/?page_id=2016\">\r\n      <img decoding=\"async\" src=\"https:\/\/salud.quito.gob.ec\/wp-content\/uploads\/2024\/08\/Recurso-50@4x-8.png\" alt=\"Programa municipio saludable\">\r\n    <\/a>\r\n  <\/div>\r\n\r\n<\/body>\r\n<\/html>\r\n\t\t\t\t<\/div>\n\t\t\t\t<\/div>\n\t\t\t\t\t<\/div>\n\t\t\t\t<\/div>\n\t\t<div class=\"elementor-element elementor-element-02e3f2e e-flex e-con-boxed e-con e-parent\" data-id=\"02e3f2e\" data-element_type=\"container\" data-e-type=\"container\">\n\t\t\t\t\t<div class=\"e-con-inner\">\n\t\t\t\t<div class=\"elementor-element elementor-element-e07e829 elementor-widget elementor-widget-html\" data-id=\"e07e829\" data-element_type=\"widget\" data-e-type=\"widget\" data-widget_type=\"html.default\">\n\t\t\t\t<div class=\"elementor-widget-container\">\n\t\t\t\t\t<!DOCTYPE html>\r\n<html lang=\"es\">\r\n<head>\r\n  <meta charset=\"UTF-8\">\r\n  <title>\u00bfQu\u00e9 es la sala situacional?<\/title>\r\n  <style>\r\n    body {\r\n      font-family: Arial, sans-serif;\r\n      color: #444;\r\n      line-height: 1.6;\r\n      margin: 40px;\r\n    }\r\n\r\n    h2 {\r\n      font-size: 1.1em;\r\n      font-weight: bold;\r\n      color: #444;\r\n    }\r\n\r\n    p {\r\n      text-align: justify;\r\n      margin-top: 10px;\r\n    }\r\n  <\/style>\r\n<\/head>\r\n<body>\r\n\r\n  <h4>\u00bfQu\u00e9 es la sala situacional?<\/h4>\r\n\r\n  <p>\r\n    Es un espacio virtual, donde a manera de tablas, gr\u00e1ficos y mapas, se presenta diferente informaci\u00f3n para la\r\n    identificaci\u00f3n y estudio de situaciones de salud y sus determinantes.\r\n  <\/p>\r\n\r\n  <p>\r\n    La Sala Situacional de Salud del Distrito Metropolitano de Quito, en esta fase, describe las caracter\u00edsticas\r\n    sociodemogr\u00e1ficas de la poblaci\u00f3n, las principales causas de muerte en el DMQ, las principales causas de egresos\r\n    hospitalarios, factores de riesgo, oferta de salud y principales indicadores y determinantes sociales a nivel\r\n    parroquial acercando la gesti\u00f3n municipal a las necesidades locales.\r\n  <\/p>\r\n\r\n  <p>\r\n    La informaci\u00f3n presentada permite contar con un conocimiento de las diversas problem\u00e1ticas sanitarias en el\r\n    Distrito Metropolitano de Quito, con el fin de contribuir en el desarrollo de acciones que contribuyan a su soluci\u00f3n.\r\n  <\/p>\r\n\r\n<\/body>\r\n<\/html>\r\n\t\t\t\t<\/div>\n\t\t\t\t<\/div>\n\t\t\t\t\t<\/div>\n\t\t\t\t<\/div>\n\t\t<div class=\"elementor-element elementor-element-f46421d e-flex e-con-boxed e-con e-parent\" data-id=\"f46421d\" data-element_type=\"container\" data-e-type=\"container\">\n\t\t\t\t\t<div class=\"e-con-inner\">\n\t\t\t\t<div class=\"elementor-element elementor-element-97688b7 elementor-widget elementor-widget-html\" data-id=\"97688b7\" data-element_type=\"widget\" data-e-type=\"widget\" data-widget_type=\"html.default\">\n\t\t\t\t<div class=\"elementor-widget-container\">\n\t\t\t\t\t<!DOCTYPE html>\r\n<html lang=\"es\">\r\n<head>\r\n  <meta charset=\"UTF-8\">\r\n  <title>Formulario de Satisfacci\u00f3n<\/title>\r\n  <style>\r\n    .formulario-container {\r\n      display: flex;\r\n      align-items: center;\r\n      justify-content: center;\r\n      gap: 15px;\r\n      font-family: Arial, sans-serif;\r\n      text-align: center;\r\n      \r\n    }\r\n\r\n    .formulario-icono {\r\n      width: 50px;\r\n      height: 50px;\r\n      cursor: pointer;\r\n      transition: transform 0.2s;\r\n    }\r\n\r\n    .formulario-icono:hover {\r\n      transform: scale(1.1);\r\n    }\r\n\r\n    .formulario-texto {\r\n      max-width: 600px;\r\n      text-align: center;\r\n    }\r\n    \r\n    .icono-con-flecha {\r\n      display: flex;\r\n      flex-direction: column;\r\n      align-items: center;\r\n    }\r\n\r\n    .flecha-svg {\r\n      width: 30px;\r\n      height: 30px;\r\n      margin-bottom: 5px;\r\n    }\r\n  <\/style>\r\n<\/head>\r\n<body>\r\n\r\n  <div class=\"formulario-container\">\r\n    <div class=\"icono-con-flecha\">\r\n      \r\n      \r\n      <a href=\"https:\/\/docs.google.com\/forms\/d\/e\/1FAIpQLScNg6nzOV-cZfkVLxUYkF0jShRtm-rqJDvzRrm7QZ2zMBj9bA\/viewform\" target=\"_blank\">\r\n        <img decoding=\"async\" src=\"https:\/\/salud.quito.gob.ec\/wp-content\/uploads\/2025\/05\/03.-Icono.png\" \r\n             alt=\"Formulario\" \r\n             class=\"formulario-icono\">\r\n      <\/a>\r\n      <svg class=\"flecha-svg\" viewBox=\"0 0 24 24\" fill=\"none\" stroke=\"#444\" stroke-width=\"2\" stroke-linecap=\"round\" stroke-linejoin=\"round\">\r\n        <polyline points=\"6 15 12 9 18 15\"><\/polyline>\r\n      <\/svg>\r\n      \r\n      <div class=\"texto-flecha\">Haz clic aqu\u00ed<\/div>\r\n    <\/div>\r\n    \r\n    <div class=\"formulario-texto\">\r\n      <strong>Formulario de satisfacci\u00f3n del usuario<\/strong><br>\r\n      Tu opini\u00f3n es clave para mejorar la calidad y accesibilidad de la informaci\u00f3n, y as\u00ed fortalecer la toma de decisiones basadas en evidencia en salud p\u00fablica\r\n    <\/div>\r\n  <\/div>\r\n  \r\n  \r\n  \r\n\r\n<\/body>\r\n<\/html>\r\n\r\n\t\t\t\t<\/div>\n\t\t\t\t<\/div>\n\t\t\t\t\t<\/div>\n\t\t\t\t<\/div>\n\t\t<div class=\"elementor-element elementor-element-b0cd617 e-flex e-con-boxed e-con e-parent\" data-id=\"b0cd617\" data-element_type=\"container\" data-e-type=\"container\">\n\t\t\t\t\t<div class=\"e-con-inner\">\n\t\t\t\t<div class=\"elementor-element elementor-element-9eb2ea5 elementor-widget elementor-widget-shortcode\" data-id=\"9eb2ea5\" data-element_type=\"widget\" data-e-type=\"widget\" data-widget_type=\"shortcode.default\">\n\t\t\t\t<div class=\"elementor-widget-container\">\n\t\t\t\t\t\t\t<div class=\"elementor-shortcode\"><\/div>\n\t\t\t\t\t\t<\/div>\n\t\t\t\t<\/div>\n\t\t\t\t\t<\/div>\n\t\t\t\t<\/div>\n\t\t\t\t<\/div>\n\t\t","protected":false},"excerpt":{"rendered":"<p>Sala Situacional de Salud SALA SITUACIONAL DE SALUD \u00bfQu\u00e9 es la sala situacional? \u00bfQu\u00e9 es la sala situacional? Es un [&hellip;]<\/p>\n","protected":false},"author":3,"featured_media":0,"parent":0,"menu_order":0,"comment_status":"closed","ping_status":"open","template":"","meta":{"site-sidebar-layout":"default","site-content-layout":"","ast-site-content-layout":"default","site-content-style":"default","site-sidebar-style":"default","ast-global-header-display":"","ast-banner-title-visibility":"","ast-main-header-display":"","ast-hfb-above-header-display":"","ast-hfb-below-header-display":"","ast-hfb-mobile-header-display":"","site-post-title":"","ast-breadcrumbs-content":"","ast-featured-img":"","footer-sml-layout":"","theme-transparent-header-meta":"","adv-header-id-meta":"","stick-header-meta":"","header-above-stick-meta":"","header-main-stick-meta":"","header-below-stick-meta":"","astra-migrate-meta-layouts":"default","ast-page-background-enabled":"default","ast-page-background-meta":{"desktop":{"background-color":"var(--ast-global-color-4)","background-image":"","background-repeat":"repeat","background-position":"center center","background-size":"auto","background-attachment":"scroll","background-type":"","background-media":"","overlay-type":"","overlay-color":"","overlay-opacity":"","overlay-gradient":""},"tablet":{"background-color":"","background-image":"","background-repeat":"repeat","background-position":"center center","background-size":"auto","background-attachment":"scroll","background-type":"","background-media":"","overlay-type":"","overlay-color":"","overlay-opacity":"","overlay-gradient":""},"mobile":{"background-color":"","background-image":"","background-repeat":"repeat","background-position":"center center","background-size":"auto","background-attachment":"scroll","background-type":"","background-media":"","overlay-type":"","overlay-color":"","overlay-opacity":"","overlay-gradient":""}},"ast-content-background-meta":{"desktop":{"background-color":"var(--ast-global-color-5)","background-image":"","background-repeat":"repeat","background-position":"center center","background-size":"auto","background-attachment":"scroll","background-type":"","background-media":"","overlay-type":"","overlay-color":"","overlay-opacity":"","overlay-gradient":""},"tablet":{"background-color":"var(--ast-global-color-5)","background-image":"","background-repeat":"repeat","background-position":"center center","background-size":"auto","background-attachment":"scroll","background-type":"","background-media":"","overlay-type":"","overlay-color":"","overlay-opacity":"","overlay-gradient":""},"mobile":{"background-color":"var(--ast-global-color-5)","background-image":"","background-repeat":"repeat","background-position":"center center","background-size":"auto","background-attachment":"scroll","background-type":"","background-media":"","overlay-type":"","overlay-color":"","overlay-opacity":"","overlay-gradient":""}},"footnotes":""},"class_list":["post-1956","page","type-page","status-publish","hentry"],"_links":{"self":[{"href":"https:\/\/salud.quito.gob.ec\/index.php?rest_route=\/wp\/v2\/pages\/1956","targetHints":{"allow":["GET"]}}],"collection":[{"href":"https:\/\/salud.quito.gob.ec\/index.php?rest_route=\/wp\/v2\/pages"}],"about":[{"href":"https:\/\/salud.quito.gob.ec\/index.php?rest_route=\/wp\/v2\/types\/page"}],"author":[{"embeddable":true,"href":"https:\/\/salud.quito.gob.ec\/index.php?rest_route=\/wp\/v2\/users\/3"}],"replies":[{"embeddable":true,"href":"https:\/\/salud.quito.gob.ec\/index.php?rest_route=%2Fwp%2Fv2%2Fcomments&post=1956"}],"version-history":[{"count":274,"href":"https:\/\/salud.quito.gob.ec\/index.php?rest_route=\/wp\/v2\/pages\/1956\/revisions"}],"predecessor-version":[{"id":5908,"href":"https:\/\/salud.quito.gob.ec\/index.php?rest_route=\/wp\/v2\/pages\/1956\/revisions\/5908"}],"wp:attachment":[{"href":"https:\/\/salud.quito.gob.ec\/index.php?rest_route=%2Fwp%2Fv2%2Fmedia&parent=1956"}],"curies":[{"name":"wp","href":"https:\/\/api.w.org\/{rel}","templated":true}]}}