{"id":324,"date":"2024-04-30T17:00:55","date_gmt":"2024-04-30T22:00:55","guid":{"rendered":"https:\/\/salud.quito.gob.ec\/?page_id=324"},"modified":"2026-02-06T15:02:40","modified_gmt":"2026-02-06T20:02:40","slug":"teleasistencia-salud-mental","status":"publish","type":"page","link":"https:\/\/salud.quito.gob.ec\/?page_id=324","title":{"rendered":"Teleasistencia salud mental"},"content":{"rendered":"\t\t<div data-elementor-type=\"wp-page\" data-elementor-id=\"324\" class=\"elementor elementor-324\" data-elementor-post-type=\"page\">\n\t\t\t\t<div class=\"elementor-element elementor-element-075d081 e-flex e-con-boxed e-con e-parent\" data-id=\"075d081\" data-element_type=\"container\" data-e-type=\"container\">\n\t\t\t\t\t<div class=\"e-con-inner\">\n\t\t\t\t<div class=\"elementor-element elementor-element-a71fdb4 elementor-widget elementor-widget-shortcode\" data-id=\"a71fdb4\" data-element_type=\"widget\" data-e-type=\"widget\" data-widget_type=\"shortcode.default\">\n\t\t\t\t<div class=\"elementor-widget-container\">\n\t\t\t\t\t\t\t<div class=\"elementor-shortcode\">\t\t\t<!-- Flexy Breadcrumb -->\r\n\t\t\t<div class=\"fbc fbc-page\">\r\n\r\n\t\t\t\t<!-- Breadcrumb wrapper -->\r\n\t\t\t\t<div class=\"fbc-wrap\">\r\n\r\n\t\t\t\t\t<!-- Ordered list-->\r\n\t\t\t\t\t<ol class=\"fbc-items\" itemscope itemtype=\"https:\/\/schema.org\/BreadcrumbList\">\r\n\t\t\t\t\t\t            <li itemprop=\"itemListElement\" itemscope itemtype=\"https:\/\/schema.org\/ListItem\">\r\n                <span itemprop=\"name\">\r\n                    <!-- Home Link -->\r\n                    <a itemprop=\"item\" href=\"https:\/\/salud.quito.gob.ec\">\r\n                    \r\n                                                    <i class=\"fa fa-home\" aria-hidden=\"true\"><\/i>Home                    <\/a>\r\n                <\/span>\r\n                <meta itemprop=\"position\" content=\"1\" \/><!-- Meta Position-->\r\n             <\/li><li><span class=\"fbc-separator\">\/<\/span><\/li><li class=\"active\" itemprop=\"itemListElement\" itemscope itemtype=\"https:\/\/schema.org\/ListItem\"><span itemprop=\"name\" title=\"Teleasistencia salud mental\">Teleasistencia salud mental<\/span><meta itemprop=\"position\" content=\"2\" \/><\/li>\t\t\t\t\t<\/ol>\r\n\t\t\t\t\t<div class=\"clearfix\"><\/div>\r\n\t\t\t\t<\/div>\r\n\t\t\t<\/div>\r\n\t\t\t<\/div>\n\t\t\t\t\t\t<\/div>\n\t\t\t\t<\/div>\n\t\t\t\t\t<\/div>\n\t\t\t\t<\/div>\n\t\t<div class=\"elementor-element elementor-element-6760f95 e-flex e-con-boxed e-con e-parent\" data-id=\"6760f95\" data-element_type=\"container\" data-e-type=\"container\">\n\t\t\t\t\t<div class=\"e-con-inner\">\n\t\t\t\t<div class=\"elementor-element elementor-element-01a136f elementor-widget-divider--view-line elementor-widget elementor-widget-divider\" data-id=\"01a136f\" data-element_type=\"widget\" data-e-type=\"widget\" data-widget_type=\"divider.default\">\n\t\t\t\t<div class=\"elementor-widget-container\">\n\t\t\t\t\t\t\t<div class=\"elementor-divider\">\n\t\t\t<span class=\"elementor-divider-separator\">\n\t\t\t\t\t\t<\/span>\n\t\t<\/div>\n\t\t\t\t\t\t<\/div>\n\t\t\t\t<\/div>\n\t\t<div class=\"elementor-element elementor-element-af1c019 e-flex e-con-boxed e-con e-child\" data-id=\"af1c019\" data-element_type=\"container\" data-e-type=\"container\">\n\t\t\t\t\t<div class=\"e-con-inner\">\n\t\t\t\t<div class=\"elementor-element elementor-element-c9e0d0c elementor-widget elementor-widget-heading\" data-id=\"c9e0d0c\" data-element_type=\"widget\" data-e-type=\"widget\" data-widget_type=\"heading.default\">\n\t\t\t\t<div class=\"elementor-widget-container\">\n\t\t\t\t\t<h5 class=\"elementor-heading-title elementor-size-default\">TELEASISTENCIA EN SALUD MENTAL<\/h5>\t\t\t\t<\/div>\n\t\t\t\t<\/div>\n\t\t\t\t\t<\/div>\n\t\t\t\t<\/div>\n\t\t\t\t<div class=\"elementor-element elementor-element-84def1c elementor-widget-divider--view-line elementor-widget elementor-widget-divider\" data-id=\"84def1c\" data-element_type=\"widget\" data-e-type=\"widget\" data-widget_type=\"divider.default\">\n\t\t\t\t<div class=\"elementor-widget-container\">\n\t\t\t\t\t\t\t<div class=\"elementor-divider\">\n\t\t\t<span class=\"elementor-divider-separator\">\n\t\t\t\t\t\t<\/span>\n\t\t<\/div>\n\t\t\t\t\t\t<\/div>\n\t\t\t\t<\/div>\n\t\t\t\t\t<\/div>\n\t\t\t\t<\/div>\n\t\t<div class=\"elementor-element elementor-element-77ffc14 e-grid e-con-boxed e-con e-parent\" data-id=\"77ffc14\" data-element_type=\"container\" data-e-type=\"container\">\n\t\t\t\t\t<div class=\"e-con-inner\">\n\t\t\t\t<div class=\"elementor-element elementor-element-63d5d70 elementor-widget elementor-widget-image\" data-id=\"63d5d70\" data-element_type=\"widget\" data-e-type=\"widget\" data-widget_type=\"image.default\">\n\t\t\t\t<div class=\"elementor-widget-container\">\n\t\t\t\t\t\t\t\t\t\t\t\t\t\t\t<img fetchpriority=\"high\" decoding=\"async\" width=\"1024\" height=\"768\" src=\"https:\/\/salud.quito.gob.ec\/wp-content\/uploads\/2024\/05\/6D8A4067-1.jpg\" class=\"attachment-large size-large wp-image-394\" alt=\"\" \/>\t\t\t\t\t\t\t\t\t\t\t\t\t\t\t<\/div>\n\t\t\t\t<\/div>\n\t\t\t\t<div class=\"elementor-element elementor-element-78bcac4 elementor-widget elementor-widget-image\" data-id=\"78bcac4\" data-element_type=\"widget\" data-e-type=\"widget\" data-widget_type=\"image.default\">\n\t\t\t\t<div class=\"elementor-widget-container\">\n\t\t\t\t\t\t\t\t\t\t\t\t\t\t\t<img decoding=\"async\" width=\"1024\" height=\"768\" src=\"https:\/\/salud.quito.gob.ec\/wp-content\/uploads\/2024\/05\/6D8A4019.jpg\" class=\"attachment-large size-large wp-image-395\" alt=\"\" \/>\t\t\t\t\t\t\t\t\t\t\t\t\t\t\t<\/div>\n\t\t\t\t<\/div>\n\t\t\t\t\t<\/div>\n\t\t\t\t<\/div>\n\t\t<div class=\"elementor-element elementor-element-f8d07f2 e-con-full e-flex e-con e-parent\" data-id=\"f8d07f2\" data-element_type=\"container\" data-e-type=\"container\">\n\t\t\t\t<div class=\"elementor-element elementor-element-55814cb elementor-widget elementor-widget-text-editor\" data-id=\"55814cb\" data-element_type=\"widget\" data-e-type=\"widget\" data-widget_type=\"text-editor.default\">\n\t\t\t\t<div class=\"elementor-widget-container\">\n\t\t\t\t\t\t\t\t\t<p>El servicio de teleconsulta en salud mental funciona en las instalaciones de la Unidad Metropolitana de Salud Norte desde el 11 de septiembre de 2023. Cuenta con un equipo conformado por un supervisor y 11 psic\u00f3logos\/as teleoperadores, capacitados para brindar teleasistencia psicol\u00f3gica, psicoeducaci\u00f3n en l\u00ednea y atenci\u00f3n en psicoterapia breve telem\u00e1tica a usuarios que solicitan el servicio.<\/p><p>El proceso inicia con la solicitud telef\u00f3nica de ayuda por parte de la ciudadan\u00eda, en la cual se determina la demanda de atenci\u00f3n; se brinda contenci\u00f3n y apoyo para la estabilizaci\u00f3n de la persona que ha requerido el servicio; se identifican los niveles de riesgo psicol\u00f3gico, y se procede a establecer si la persona cumple con criterios cl\u00ednicos y de conectividad necesarios para agendar las sesiones psicol\u00f3gicas virtuales. En caso de no cumplir con dichos criterios, se procede a realizar la referencia y\/o derivaci\u00f3n a otros servicios de salud.<\/p><p>Durante el proceso se asegura la protecci\u00f3n de los datos personales y de salud de los usuarios.<\/p><p><span style=\"font-style: inherit; font-weight: inherit; color: var( --e-global-color-text ); text-align: var(--text-align); background-color: var(--ast-global-color-5);\"><img decoding=\"async\" class=\"wp-image-362 aligncenter\" src=\"https:\/\/salud.quito.gob.ec\/wp-content\/uploads\/2024\/05\/WhatsApp-Image-2024-01-09-at-11.38.39.jpeg\" alt=\"\" width=\"300\" height=\"375\" \/><\/span><\/p><p><span style=\"font-size: 14.592px;\"><b>Servicios:<br \/><\/b><\/span><span style=\"font-size: 14.592px;\">&#8211; Psicoterapia breve.<br \/><\/span><span style=\"font-size: 14.592px;\">&#8211; <\/span><span style=\"font-size: 16px;\">Teleasesoramiento.<br \/><\/span><span style=\"font-size: 14.592px;\">&#8211; Psicoeducaci\u00f3n.<br \/><\/span><span style=\"font-size: 14.592px;\">&#8211; Intervenci\u00f3n en Crisis.<\/span><\/p><p><span style=\"font-size: 14.592px;\"><b>Requisitos:<br \/><\/b><\/span><span style=\"font-size: 14.592px;\">&#8211; <\/span>Llamar al 101, opci\u00f3n 9.<br \/><span style=\"font-size: 14.592px;\">&#8211; <\/span>Proporciona datos de identificaci\u00f3n.<br \/><span style=\"font-size: 14.592px;\">&#8211; <\/span>Voluntariedad del consultante.<br \/><span style=\"font-size: 14.592px;\">&#8211; <\/span>Adolescentes desde los 12 a\u00f1os de edad, adultos y personas adultas mayores que puedan manejar un dispositivo con acceso a internet, aplicaci\u00f3n WhatsApp y plataforma Teams, con audio y micr\u00f3fono funcionales.<br \/><span style=\"font-size: 14.592px;\">&#8211; <\/span>Cumplir con criterios cl\u00ednico diagn\u00f3sticos.<\/p>\t\t\t\t\t\t\t\t<\/div>\n\t\t\t\t<\/div>\n\t\t\t\t<\/div>\n\t\t\t\t<\/div>\n\t\t","protected":false},"excerpt":{"rendered":"<p>TELEASISTENCIA EN SALUD MENTAL El servicio de teleconsulta en salud mental funciona en las instalaciones de la Unidad Metropolitana de [&hellip;]<\/p>\n","protected":false},"author":3,"featured_media":0,"parent":0,"menu_order":0,"comment_status":"closed","ping_status":"closed","template":"","meta":{"site-sidebar-layout":"no-sidebar","site-content-layout":"","ast-site-content-layout":"full-width-container","site-content-style":"default","site-sidebar-style":"default","ast-global-header-display":"","ast-banner-title-visibility":"","ast-main-header-display":"","ast-hfb-above-header-display":"","ast-hfb-below-header-display":"","ast-hfb-mobile-header-display":"","site-post-title":"disabled","ast-breadcrumbs-content":"","ast-featured-img":"disabled","footer-sml-layout":"","theme-transparent-header-meta":"","adv-header-id-meta":"","stick-header-meta":"","header-above-stick-meta":"","header-main-stick-meta":"","header-below-stick-meta":"","astra-migrate-meta-layouts":"default","ast-page-background-enabled":"default","ast-page-background-meta":{"desktop":{"background-color":"var(--ast-global-color-4)","background-image":"","background-repeat":"repeat","background-position":"center center","background-size":"auto","background-attachment":"scroll","background-type":"","background-media":"","overlay-type":"","overlay-color":"","overlay-opacity":"","overlay-gradient":""},"tablet":{"background-color":"","background-image":"","background-repeat":"repeat","background-position":"center center","background-size":"auto","background-attachment":"scroll","background-type":"","background-media":"","overlay-type":"","overlay-color":"","overlay-opacity":"","overlay-gradient":""},"mobile":{"background-color":"","background-image":"","background-repeat":"repeat","background-position":"center center","background-size":"auto","background-attachment":"scroll","background-type":"","background-media":"","overlay-type":"","overlay-color":"","overlay-opacity":"","overlay-gradient":""}},"ast-content-background-meta":{"desktop":{"background-color":"var(--ast-global-color-5)","background-image":"","background-repeat":"repeat","background-position":"center center","background-size":"auto","background-attachment":"scroll","background-type":"","background-media":"","overlay-type":"","overlay-color":"","overlay-opacity":"","overlay-gradient":""},"tablet":{"background-color":"var(--ast-global-color-5)","background-image":"","background-repeat":"repeat","background-position":"center center","background-size":"auto","background-attachment":"scroll","background-type":"","background-media":"","overlay-type":"","overlay-color":"","overlay-opacity":"","overlay-gradient":""},"mobile":{"background-color":"var(--ast-global-color-5)","background-image":"","background-repeat":"repeat","background-position":"center center","background-size":"auto","background-attachment":"scroll","background-type":"","background-media":"","overlay-type":"","overlay-color":"","overlay-opacity":"","overlay-gradient":""}},"footnotes":""},"class_list":["post-324","page","type-page","status-publish","hentry"],"_links":{"self":[{"href":"https:\/\/salud.quito.gob.ec\/index.php?rest_route=\/wp\/v2\/pages\/324","targetHints":{"allow":["GET"]}}],"collection":[{"href":"https:\/\/salud.quito.gob.ec\/index.php?rest_route=\/wp\/v2\/pages"}],"about":[{"href":"https:\/\/salud.quito.gob.ec\/index.php?rest_route=\/wp\/v2\/types\/page"}],"author":[{"embeddable":true,"href":"https:\/\/salud.quito.gob.ec\/index.php?rest_route=\/wp\/v2\/users\/3"}],"replies":[{"embeddable":true,"href":"https:\/\/salud.quito.gob.ec\/index.php?rest_route=%2Fwp%2Fv2%2Fcomments&post=324"}],"version-history":[{"count":44,"href":"https:\/\/salud.quito.gob.ec\/index.php?rest_route=\/wp\/v2\/pages\/324\/revisions"}],"predecessor-version":[{"id":9380,"href":"https:\/\/salud.quito.gob.ec\/index.php?rest_route=\/wp\/v2\/pages\/324\/revisions\/9380"}],"wp:attachment":[{"href":"https:\/\/salud.quito.gob.ec\/index.php?rest_route=%2Fwp%2Fv2%2Fmedia&parent=324"}],"curies":[{"name":"wp","href":"https:\/\/api.w.org\/{rel}","templated":true}]}}