{"id":64,"date":"2024-04-26T11:32:16","date_gmt":"2024-04-26T16:32:16","guid":{"rendered":"https:\/\/salud.quito.gob.ec\/?page_id=64"},"modified":"2024-05-20T17:17:32","modified_gmt":"2024-05-20T22:17:32","slug":"mapa-de-sitio","status":"publish","type":"page","link":"https:\/\/salud.quito.gob.ec\/?page_id=64","title":{"rendered":"Mapa de Sitio"},"content":{"rendered":"\t\t<div data-elementor-type=\"wp-page\" data-elementor-id=\"64\" class=\"elementor elementor-64\" data-elementor-post-type=\"page\">\n\t\t\t\t<div class=\"elementor-element elementor-element-752b4574 e-flex e-con-boxed e-con e-parent\" data-id=\"752b4574\" data-element_type=\"container\" data-e-type=\"container\">\n\t\t\t\t\t<div class=\"e-con-inner\">\n\t\t<div class=\"elementor-element elementor-element-541c12ba e-flex e-con-boxed e-con e-child\" data-id=\"541c12ba\" data-element_type=\"container\" data-e-type=\"container\">\n\t\t\t\t\t<div class=\"e-con-inner\">\n\t\t\t\t<div class=\"elementor-element elementor-element-fe095db elementor-widget elementor-widget-shortcode\" data-id=\"fe095db\" data-element_type=\"widget\" data-e-type=\"widget\" data-widget_type=\"shortcode.default\">\n\t\t\t\t<div class=\"elementor-widget-container\">\n\t\t\t\t\t\t\t<div class=\"elementor-shortcode\">\t\t\t<!-- Flexy Breadcrumb -->\r\n\t\t\t<div class=\"fbc fbc-page\">\r\n\r\n\t\t\t\t<!-- Breadcrumb wrapper -->\r\n\t\t\t\t<div class=\"fbc-wrap\">\r\n\r\n\t\t\t\t\t<!-- Ordered list-->\r\n\t\t\t\t\t<ol class=\"fbc-items\" itemscope itemtype=\"https:\/\/schema.org\/BreadcrumbList\">\r\n\t\t\t\t\t\t            <li itemprop=\"itemListElement\" itemscope itemtype=\"https:\/\/schema.org\/ListItem\">\r\n                <span itemprop=\"name\">\r\n                    <!-- Home Link -->\r\n                    <a itemprop=\"item\" href=\"https:\/\/salud.quito.gob.ec\">\r\n                    \r\n                                                    <i class=\"fa fa-home\" aria-hidden=\"true\"><\/i>Home                    <\/a>\r\n                <\/span>\r\n                <meta itemprop=\"position\" content=\"1\" \/><!-- Meta Position-->\r\n             <\/li><li><span class=\"fbc-separator\">\/<\/span><\/li><li class=\"active\" itemprop=\"itemListElement\" itemscope itemtype=\"https:\/\/schema.org\/ListItem\"><span itemprop=\"name\" title=\"Mapa de Sitio\">Mapa de Sitio<\/span><meta itemprop=\"position\" content=\"2\" \/><\/li>\t\t\t\t\t<\/ol>\r\n\t\t\t\t\t<div class=\"clearfix\"><\/div>\r\n\t\t\t\t<\/div>\r\n\t\t\t<\/div>\r\n\t\t\t<\/div>\n\t\t\t\t\t\t<\/div>\n\t\t\t\t<\/div>\n\t\t\t\t\t<\/div>\n\t\t\t\t<\/div>\n\t\t\t\t\t<\/div>\n\t\t\t\t<\/div>\n\t\t<div class=\"elementor-element elementor-element-7615090c e-flex e-con-boxed e-con e-parent\" data-id=\"7615090c\" data-element_type=\"container\" data-e-type=\"container\">\n\t\t\t\t\t<div class=\"e-con-inner\">\n\t\t<div class=\"elementor-element elementor-element-7f38f52d e-flex e-con-boxed e-con e-child\" data-id=\"7f38f52d\" data-element_type=\"container\" data-e-type=\"container\">\n\t\t\t\t\t<div class=\"e-con-inner\">\n\t\t\t\t<div class=\"elementor-element elementor-element-6220cfb3 elementor-widget elementor-widget-heading\" data-id=\"6220cfb3\" data-element_type=\"widget\" data-e-type=\"widget\" data-widget_type=\"heading.default\">\n\t\t\t\t<div class=\"elementor-widget-container\">\n\t\t\t\t\t<h6 class=\"elementor-heading-title elementor-size-default\">MEN\u00da PRINCIPAL<\/h6>\t\t\t\t<\/div>\n\t\t\t\t<\/div>\n\t\t\t\t<div class=\"elementor-element elementor-element-631d2a0e elementor-widget-divider--view-line elementor-widget elementor-widget-divider\" data-id=\"631d2a0e\" data-element_type=\"widget\" data-e-type=\"widget\" data-widget_type=\"divider.default\">\n\t\t\t\t<div class=\"elementor-widget-container\">\n\t\t\t\t\t\t\t<div class=\"elementor-divider\">\n\t\t\t<span class=\"elementor-divider-separator\">\n\t\t\t\t\t\t<\/span>\n\t\t<\/div>\n\t\t\t\t\t\t<\/div>\n\t\t\t\t<\/div>\n\t\t\t\t<div class=\"elementor-element elementor-element-6cf0d3e7 elementor-widget elementor-widget-text-editor\" data-id=\"6cf0d3e7\" data-element_type=\"widget\" data-e-type=\"widget\" data-widget_type=\"text-editor.default\">\n\t\t\t\t<div class=\"elementor-widget-container\">\n\t\t\t\t\t\t\t\t\t<ul><li><a href=\"https:\/\/salud.quito.gob.ec\/?page_id=42\">Inicio<\/a><\/li><\/ul><p>Nuestra instituci\u00f3n<\/p><ul><li style=\"list-style-type: none;\"><ul><li><a href=\"https:\/\/salud.quito.gob.ec\/?page_id=49\">Autoridad<\/a><\/li><li><a href=\"https:\/\/salud.quito.gob.ec\/?page_id=136\">Misi\u00f3n y visi\u00f3n<\/a><\/li><li><a href=\"https:\/\/salud.quito.gob.ec\/?page_id=198\">Atribuciones y responsabilidades<\/a><\/li><\/ul><\/li><\/ul><p>Servicios<\/p><ul><li style=\"list-style-type: none;\"><ul><li><a href=\"https:\/\/salud.quito.gob.ec\/?page_id=253\">Unidad de Salud Sur<\/a><\/li><li><a href=\"https:\/\/salud.quito.gob.ec\/?page_id=258\">Unidad de Salud Centro<\/a><\/li><li><a href=\"https:\/\/salud.quito.gob.ec\/?page_id=260\">Unidad de Salud Norte<\/a><\/li><li><a href=\"https:\/\/salud.quito.gob.ec\/?page_id=323\">Casa La Ronda<\/a><\/li><li><a href=\"https:\/\/salud.quito.gob.ec\/?page_id=324\">Teleasistencia salud mental<\/a><\/li><li><a href=\"https:\/\/salud.quito.gob.ec\/?page_id=326\">Salud Comunitaria<\/a><\/li><\/ul><\/li><\/ul><p><a href=\"https:\/\/bienestaranimal.quito.gob.ec\/\">Bienestar Animal<\/a><\/p><p><a href=\"https:\/\/www.quito.gob.ec\/?page_id=440\">PAC<\/a><\/p><p>Rendici\u00f3n de Cuentas<\/p><ul><li style=\"list-style-type: none;\"><ul><li><a href=\"https:\/\/www.quito.gob.ec\/documents\/Salud\/UMSS\/2023\/\">Unidad de Salud Sur<\/a><\/li><li><a href=\"https:\/\/www.quito.gob.ec\/documents\/Salud\/UMSC\/2023\/\">Unidad de Salud Centro<\/a><\/li><li><a href=\"https:\/\/www.quito.gob.ec\/documents\/Salud\/UMSN\/2023\/\">Unidad de Salud Norte<\/a><\/li><\/ul><\/li><\/ul><div><p style=\"font-size: 16px; font-style: normal; font-weight: 400;\"><a href=\"https:\/\/gobiernoabierto.quito.gob.ec\/ley-transparencia\/\">Transparencia<\/a><\/p><\/div>\t\t\t\t\t\t\t\t<\/div>\n\t\t\t\t<\/div>\n\t\t\t\t\t<\/div>\n\t\t\t\t<\/div>\n\t\t<div class=\"elementor-element elementor-element-3f5e1021 e-flex e-con-boxed e-con e-child\" data-id=\"3f5e1021\" data-element_type=\"container\" data-e-type=\"container\">\n\t\t\t\t\t<div class=\"e-con-inner\">\n\t\t\t\t<div class=\"elementor-element elementor-element-5e423b64 elementor-widget elementor-widget-heading\" data-id=\"5e423b64\" data-element_type=\"widget\" data-e-type=\"widget\" data-widget_type=\"heading.default\">\n\t\t\t\t<div class=\"elementor-widget-container\">\n\t\t\t\t\t<h6 class=\"elementor-heading-title elementor-size-default\">MEN\u00da SUPERIOR<\/h6>\t\t\t\t<\/div>\n\t\t\t\t<\/div>\n\t\t\t\t<div class=\"elementor-element elementor-element-3242fd7f elementor-widget-divider--view-line elementor-widget elementor-widget-divider\" data-id=\"3242fd7f\" data-element_type=\"widget\" data-e-type=\"widget\" data-widget_type=\"divider.default\">\n\t\t\t\t<div class=\"elementor-widget-container\">\n\t\t\t\t\t\t\t<div class=\"elementor-divider\">\n\t\t\t<span class=\"elementor-divider-separator\">\n\t\t\t\t\t\t<\/span>\n\t\t<\/div>\n\t\t\t\t\t\t<\/div>\n\t\t\t\t<\/div>\n\t\t\t\t<div class=\"elementor-element elementor-element-174166bc elementor-widget elementor-widget-text-editor\" data-id=\"174166bc\" data-element_type=\"widget\" data-e-type=\"widget\" data-widget_type=\"text-editor.default\">\n\t\t\t\t<div class=\"elementor-widget-container\">\n\t\t\t\t\t\t\t\t\t<ul><li><a href=\"https:\/\/www.quito.gob.ec\/?page_id=662\">Mapa del Sitio<\/a><\/li><li><a href=\"https:\/\/correo.quito.gob.ec\/owa\/auth\/logon.aspx?replaceCurrent=1&amp;url=https%3a%2f%2fcorreo.quito.gob.ec%2fowa%2f\">Correo Institucional\u00a0<\/a><\/li><li><a href=\"https:\/\/www.quito.gob.ec\/?page_id=35\">Cont\u00e1ctenos\u00a0<\/a><\/li><\/ul>\t\t\t\t\t\t\t\t<\/div>\n\t\t\t\t<\/div>\n\t\t\t\t\t<\/div>\n\t\t\t\t<\/div>\n\t\t<div class=\"elementor-element elementor-element-2cf365fd e-flex e-con-boxed e-con e-child\" data-id=\"2cf365fd\" data-element_type=\"container\" data-e-type=\"container\">\n\t\t\t\t\t<div class=\"e-con-inner\">\n\t\t\t\t<div class=\"elementor-element elementor-element-4646881d elementor-widget elementor-widget-heading\" data-id=\"4646881d\" data-element_type=\"widget\" data-e-type=\"widget\" data-widget_type=\"heading.default\">\n\t\t\t\t<div class=\"elementor-widget-container\">\n\t\t\t\t\t<h6 class=\"elementor-heading-title elementor-size-default\">OTROS ENLACES <\/h6>\t\t\t\t<\/div>\n\t\t\t\t<\/div>\n\t\t\t\t<div class=\"elementor-element elementor-element-2b30eb8 elementor-widget-divider--view-line elementor-widget elementor-widget-divider\" data-id=\"2b30eb8\" data-element_type=\"widget\" data-e-type=\"widget\" data-widget_type=\"divider.default\">\n\t\t\t\t<div class=\"elementor-widget-container\">\n\t\t\t\t\t\t\t<div class=\"elementor-divider\">\n\t\t\t<span class=\"elementor-divider-separator\">\n\t\t\t\t\t\t<\/span>\n\t\t<\/div>\n\t\t\t\t\t\t<\/div>\n\t\t\t\t<\/div>\n\t\t\t\t<div class=\"elementor-element elementor-element-1373d452 elementor-widget elementor-widget-text-editor\" data-id=\"1373d452\" data-element_type=\"widget\" data-e-type=\"widget\" data-widget_type=\"text-editor.default\">\n\t\t\t\t<div class=\"elementor-widget-container\">\n\t\t\t\t\t\t\t\t\t<p>Empresas Metropolitanas<\/p><ul><li style=\"list-style-type: none;\"><ul><li style=\"font-size: 16px;\"><a href=\"http:\/\/www.emaseo.gob.ec\/\">EMASEO<\/a><\/li><li style=\"font-size: 16px;\"><a href=\"http:\/\/www.emgirs.gob.ec\/\">EMGIRS<\/a><\/li><li><a href=\"https:\/\/www.aguaquito.gob.ec\">EPMAPS<\/a><\/li><li><a href=\"http:\/\/www.epmmop.gob.ec\/\">EPMMOP<\/a><\/li><li style=\"font-size: 16px;\"><a href=\"http:\/\/www.emseguridad-q.gob.ec\/\">EMSeguridad<\/a><\/li><li><a href=\"http:\/\/www.epmhv.gob.ec\/\">H\u00e1bitat y Vivienda<\/a><\/li><li><a href=\"https:\/\/new.mmqep.gob.ec\/\">Mercado Mayorista<\/a><\/li><li><a href=\"http:\/\/www.metrodequito.gob.ec\/\">Metro de Quito<\/a><\/li><li style=\"font-size: 16px;\"><a href=\"https:\/\/www.aeropuertoquito.gob.ec\/\">Quito Aeropuerto<\/a><\/li><li><a href=\"http:\/\/www.quito-turismo.gob.ec\/\">Quito Turismo<\/a><\/li><li><a href=\"http:\/\/www.epmrq.gob.ec\/\">Rastro<\/a><\/li><li><a href=\"https:\/\/www.pasajerosquito.gob.ec\/\">Transporte de Pasajeros<\/a><\/li><\/ul><\/li><\/ul><p>Secretarias<\/p><ul><li style=\"list-style-type: none;\"><ul><li><a href=\"https:\/\/ambiente.quito.gob.ec\/\">Ambiente<\/a><\/li><li><a href=\"https:\/\/www.quito.gob.ec\/?page_id=612\">Comunicaci\u00f3n<\/a>\u00a0<\/li><li><a href=\"https:\/\/zonales.quito.gob.ec\">Coordinaci\u00f3n Territorial y\u00a0 Participaci\u00f3n\u00a0<\/a><\/li><li><a href=\"https:\/\/quitocultura.com\">Cultura<\/a><\/li><li style=\"font-size: 16px;\"><a href=\"http:\/\/desarrolloproductivo.quito.gob.ec\">Desarrollo\u00a0Econ\u00f3mico y Productivo<\/a><\/li><li><a href=\"https:\/\/educacion.quito.gob.ec\">Educaci\u00f3n<\/a><\/li><li><a href=\"http:\/\/desarrolloproductivo.quito.gob.ec\">Gobierno Digital y TICS<\/a><\/li><li><a href=\"http:\/\/secretariadehabitat.quito.gob.ec\/\">H\u00e1bitat y Ordenamiento Territorial<\/a><\/li><li><a href=\"https:\/\/inclusionsocial.quito.gob.ec\/\">Inclusi\u00f3n Social<\/a><\/li><li><a href=\"https:\/\/secretariademovilidad.quito.gob.ec\">Movilidad<\/a><\/li><li><a href=\"https:\/\/www.quito.gob.ec\/?page_id=619\">Planificaci\u00f3n<\/a>\u00a0<\/li><li><a href=\"https:\/\/www.quito.gob.ec\/?page_id=601\">Salud<\/a><\/li><li><a href=\"https:\/\/www.quito.gob.ec\/?page_id=567\">Seguridad y Gesti\u00f3n de Riesgos<\/a><\/li><\/ul><\/li><\/ul><p>Otras Dependencias<\/p><ul><li style=\"list-style-type: none;\"><ul><li><a href=\"https:\/\/patrimonio.quito.gob.ec\/\">Instituto Metropolitano de Patrimonio<\/a><\/li><li><a href=\"https:\/\/bienestaranimal.quito.gob.ec\/\">Unidad de Bienestar Animal<\/a><\/li><li><a href=\"https:\/\/www.quito.gob.ec\/?page_id=829\">Cooperaci\u00f3n y asuntos internacionales<\/a><\/li><li><a href=\"http:\/\/registrodelapropiedadquito.gob.ec\/\">Registro de la Propiedad<\/a><\/li><li><a href=\"#\">Patronato Municipal San Jos\u00e9<\/a><\/li><li><a href=\"http:\/\/www.fundacionmuseosquito.gob.ec\/\">Museos de la Ciudad<\/a><\/li><li><a href=\"http:\/\/www.teatrosucre.org\/\">Teatro Sucre<\/a><\/li><li><a href=\"http:\/\/www.quitohonesto.gob.ec\/\">Quito Honesto<\/a><\/li><\/ul><\/li><\/ul><p>Agencias<\/p><ul><li style=\"list-style-type: none;\"><ul><li style=\"text-align: left;\"><a href=\"http:\/\/www.amt.gob.ec\/\">AMT<\/a><\/li><li style=\"text-align: left;\"><a href=\"http:\/\/agenciadecontrol.quito.gob.ec\/\">AMC<\/a><\/li><li style=\"text-align: left;\"><a href=\"http:\/\/www.conquito.org.ec\/\">CONQUITO<\/a><\/li><li><a href=\"https:\/\/comercio.quito.gob.ec\/\">Quito Comercio<\/a><\/li><\/ul><\/li><\/ul>\t\t\t\t\t\t\t\t<\/div>\n\t\t\t\t<\/div>\n\t\t\t\t\t<\/div>\n\t\t\t\t<\/div>\n\t\t\t\t\t<\/div>\n\t\t\t\t<\/div>\n\t\t\t\t<\/div>\n\t\t","protected":false},"excerpt":{"rendered":"<p>MEN\u00da PRINCIPAL Inicio Nuestra instituci\u00f3n Autoridad Misi\u00f3n y visi\u00f3n Atribuciones y responsabilidades Servicios Unidad de Salud Sur Unidad de Salud [&hellip;]<\/p>\n","protected":false},"author":3,"featured_media":0,"parent":0,"menu_order":0,"comment_status":"closed","ping_status":"closed","template":"","meta":{"site-sidebar-layout":"no-sidebar","site-content-layout":"","ast-site-content-layout":"full-width-container","site-content-style":"default","site-sidebar-style":"default","ast-global-header-display":"","ast-banner-title-visibility":"","ast-main-header-display":"","ast-hfb-above-header-display":"","ast-hfb-below-header-display":"","ast-hfb-mobile-header-display":"","site-post-title":"disabled","ast-breadcrumbs-content":"","ast-featured-img":"disabled","footer-sml-layout":"","theme-transparent-header-meta":"","adv-header-id-meta":"","stick-header-meta":"","header-above-stick-meta":"","header-main-stick-meta":"","header-below-stick-meta":"","astra-migrate-meta-layouts":"default","ast-page-background-enabled":"default","ast-page-background-meta":{"desktop":{"background-color":"var(--ast-global-color-4)","background-image":"","background-repeat":"repeat","background-position":"center center","background-size":"auto","background-attachment":"scroll","background-type":"","background-media":"","overlay-type":"","overlay-color":"","overlay-opacity":"","overlay-gradient":""},"tablet":{"background-color":"","background-image":"","background-repeat":"repeat","background-position":"center center","background-size":"auto","background-attachment":"scroll","background-type":"","background-media":"","overlay-type":"","overlay-color":"","overlay-opacity":"","overlay-gradient":""},"mobile":{"background-color":"","background-image":"","background-repeat":"repeat","background-position":"center center","background-size":"auto","background-attachment":"scroll","background-type":"","background-media":"","overlay-type":"","overlay-color":"","overlay-opacity":"","overlay-gradient":""}},"ast-content-background-meta":{"desktop":{"background-color":"var(--ast-global-color-5)","background-image":"","background-repeat":"repeat","background-position":"center center","background-size":"auto","background-attachment":"scroll","background-type":"","background-media":"","overlay-type":"","overlay-color":"","overlay-opacity":"","overlay-gradient":""},"tablet":{"background-color":"var(--ast-global-color-5)","background-image":"","background-repeat":"repeat","background-position":"center center","background-size":"auto","background-attachment":"scroll","background-type":"","background-media":"","overlay-type":"","overlay-color":"","overlay-opacity":"","overlay-gradient":""},"mobile":{"background-color":"var(--ast-global-color-5)","background-image":"","background-repeat":"repeat","background-position":"center center","background-size":"auto","background-attachment":"scroll","background-type":"","background-media":"","overlay-type":"","overlay-color":"","overlay-opacity":"","overlay-gradient":""}},"footnotes":""},"class_list":["post-64","page","type-page","status-publish","hentry"],"_links":{"self":[{"href":"https:\/\/salud.quito.gob.ec\/index.php?rest_route=\/wp\/v2\/pages\/64","targetHints":{"allow":["GET"]}}],"collection":[{"href":"https:\/\/salud.quito.gob.ec\/index.php?rest_route=\/wp\/v2\/pages"}],"about":[{"href":"https:\/\/salud.quito.gob.ec\/index.php?rest_route=\/wp\/v2\/types\/page"}],"author":[{"embeddable":true,"href":"https:\/\/salud.quito.gob.ec\/index.php?rest_route=\/wp\/v2\/users\/3"}],"replies":[{"embeddable":true,"href":"https:\/\/salud.quito.gob.ec\/index.php?rest_route=%2Fwp%2Fv2%2Fcomments&post=64"}],"version-history":[{"count":46,"href":"https:\/\/salud.quito.gob.ec\/index.php?rest_route=\/wp\/v2\/pages\/64\/revisions"}],"predecessor-version":[{"id":1328,"href":"https:\/\/salud.quito.gob.ec\/index.php?rest_route=\/wp\/v2\/pages\/64\/revisions\/1328"}],"wp:attachment":[{"href":"https:\/\/salud.quito.gob.ec\/index.php?rest_route=%2Fwp%2Fv2%2Fmedia&parent=64"}],"curies":[{"name":"wp","href":"https:\/\/api.w.org\/{rel}","templated":true}]}}